{"id":196,"date":"2021-12-25T16:13:50","date_gmt":"2021-12-25T15:13:50","guid":{"rendered":"https:\/\/www.soniadabin.fr\/?page_id=196"},"modified":"2022-02-02T21:37:23","modified_gmt":"2022-02-02T20:37:23","slug":"portrait","status":"publish","type":"page","link":"https:\/\/www.soniadabin.fr\/?page_id=196","title":{"rendered":"PORTRAIT"},"content":{"rendered":"\t\t<div data-elementor-type=\"wp-page\" data-elementor-id=\"196\" class=\"elementor elementor-196\" data-elementor-post-type=\"page\">\n\t\t\t\t\t\t<section class=\"elementor-section elementor-top-section elementor-element elementor-element-cf31437 elementor-section-boxed elementor-section-height-default elementor-section-height-default\" data-id=\"cf31437\" data-element_type=\"section\">\n\t\t\t\t\t\t<div class=\"elementor-container elementor-column-gap-default\">\n\t\t\t\t\t<div class=\"elementor-column elementor-col-50 elementor-top-column elementor-element elementor-element-3278dbb\" data-id=\"3278dbb\" data-element_type=\"column\" data-settings=\"{&quot;background_background&quot;:&quot;classic&quot;}\">\n\t\t\t<div class=\"elementor-widget-wrap elementor-element-populated\">\n\t\t\t\t\t\t<div class=\"elementor-element elementor-element-3325069 elementor-widget elementor-widget-image\" data-id=\"3325069\" data-element_type=\"widget\" data-widget_type=\"image.default\">\n\t\t\t\t\t\t\t\t\t\t\t\t\t\t\t<img fetchpriority=\"high\" decoding=\"async\" width=\"622\" height=\"1024\" src=\"https:\/\/mlxzhmno1pbe.i.optimole.com\/QmuC8mA-WxqYvYa7\/w:622\/h:1024\/q:auto\/https:\/\/www.soniadabin.fr\/wp-content\/uploads\/2022\/01\/IMG_7219-1.jpg\" class=\"attachment-large size-large wp-image-2657\" alt=\"\" \/>\t\t\t\t\t\t\t\t\t\t\t\t\t\t\t<\/div>\n\t\t\t\t\t<\/div>\n\t\t<\/div>\n\t\t\t\t<div class=\"elementor-column elementor-col-50 elementor-top-column elementor-element elementor-element-fafab80\" data-id=\"fafab80\" data-element_type=\"column\">\n\t\t\t<div class=\"elementor-widget-wrap elementor-element-populated\">\n\t\t\t\t\t\t<div class=\"elementor-element elementor-element-075fbaf elementor-widget elementor-widget-text-editor\" data-id=\"075fbaf\" data-element_type=\"widget\" data-widget_type=\"text-editor.default\">\n\t\t\t\t\t\t\t\t\t<p style=\"text-align: right;\"><span style=\"color: #808080;\">Portrait par Fabienne Richard, Journaliste<\/span><\/p>\n<p style=\"text-align: justify;\"><strong>\u00c0 Dinan<\/strong> (C\u00f4tes-d\u2019Armor) on se souvient encore des belles vitrines de Sardine, le magasin de pr\u00eat-\u00e0-porter ind\u00e9pendant que Sonia Dabin a tenu pendant 27 ans. S\u2019y exprimait son go\u00fbt pour les beaux v\u00eatements, mais aussi son sens de la mise en sc\u00e8ne et son inventivit\u00e9, jamais \u00e0 court d\u2019id\u00e9es.<\/p>\n<p style=\"text-align: justify;\">Form\u00e9e en Arts appliqu\u00e9s puis aux Beaux-arts, Sonia n\u2019a jamais l\u00e2ch\u00e9 son go\u00fbt pour le dessin, cultiv\u00e9 aussi bien en cours du soir aupr\u00e8s du peintre et sculpteur Marc Louise qu&#8217;en formations  aupr\u00e8s de d\u00e9coratrices professionnelles.<\/p>\n<p style=\"text-align: justify;\">Un talent qui lui a \u00e9t\u00e9 bien utile, lorsqu\u2019elle a pris un virage professionnel vers le m\u00e9tier de cuisiniste. Fille et petite-fille de ma\u00e7ons-carreleurs, elle est retourn\u00e9e avec bonheur sur les chantiers. Form\u00e9e aupr\u00e8s du fabricant Arthur Bonnet, et attir\u00e9e par le haut de gamme, elle a exerc\u00e9 ensuite en tant que charg\u00e9e de projets d\u2019am\u00e9nagement pour le cr\u00e9ateur d&#8217;agencements Axiome \u00e0 Rennes puis aupr\u00e8s de Quadro \u00e0 Dinan.<\/p>\n<p style=\"text-align: justify;\">D\u00e9sireuse de mettre son sens du conseil et de la d\u00e9coration au service des projets d\u2019am\u00e9nagement de particuliers ou de professionnels, elle ne pouvait \u00e9videmment pas le faire sur des chemins trop balis\u00e9s. C\u2019est au volant de son camion de d\u00e9coratrice qu\u2019elle se rendra chez vous, pour \u00e9changer autour de votre projet et l\u2019accompagner pas \u00e0 pas. Avec 1 000 id\u00e9es \u00e0 l\u2019heure et un enthousiasme communicatif qui se joue des contraintes.<\/p>\t\t\t\t\t\t\t\t<\/div>\n\t\t\t\t<div class=\"elementor-element elementor-element-bdf2dab elementor-widget__width-inherit elementor-widget elementor-widget-heading\" data-id=\"bdf2dab\" data-element_type=\"widget\" data-widget_type=\"heading.default\">\n\t\t\t\t\t<h2 class=\"elementor-heading-title elementor-size-default\">\u00ab V\u00eatement, maison,  il s'agit toujours d'enveloppe, de seconde peau.<br>Sur ce principe, ma d\u00e9marche d\u2019observation reste la m\u00eame pour vous conseiller et vous guider. \u00bb <\/h2>\t\t\t\t<\/div>\n\t\t\t\t\t<\/div>\n\t\t<\/div>\n\t\t\t\t\t<\/div>\n\t\t<\/section>\n\t\t\t\t<\/div>\n\t\t","protected":false},"excerpt":{"rendered":"<p>Portrait par Fabienne Richard, Journaliste \u00c0 Dinan (C\u00f4tes-d\u2019Armor) on se souvient encore des belles vitrines de Sardine, le magasin de pr\u00eat-\u00e0-porter ind\u00e9pendant que Sonia Dabin a tenu pendant 27 ans. S\u2019y exprimait son go\u00fbt pour les beaux v\u00eatements, mais aussi son sens de la mise en sc\u00e8ne et son inventivit\u00e9, jamais \u00e0 court d\u2019id\u00e9es. Form\u00e9e [&hellip;]<\/p>\n","protected":false},"author":1,"featured_media":0,"parent":0,"menu_order":0,"comment_status":"closed","ping_status":"closed","template":"elementor_header_footer","meta":{"footnotes":""},"class_list":["post-196","page","type-page","status-publish","hentry","entry"],"_links":{"self":[{"href":"https:\/\/www.soniadabin.fr\/index.php?rest_route=\/wp\/v2\/pages\/196","targetHints":{"allow":["GET"]}}],"collection":[{"href":"https:\/\/www.soniadabin.fr\/index.php?rest_route=\/wp\/v2\/pages"}],"about":[{"href":"https:\/\/www.soniadabin.fr\/index.php?rest_route=\/wp\/v2\/types\/page"}],"author":[{"embeddable":true,"href":"https:\/\/www.soniadabin.fr\/index.php?rest_route=\/wp\/v2\/users\/1"}],"replies":[{"embeddable":true,"href":"https:\/\/www.soniadabin.fr\/index.php?rest_route=%2Fwp%2Fv2%2Fcomments&post=196"}],"version-history":[{"count":659,"href":"https:\/\/www.soniadabin.fr\/index.php?rest_route=\/wp\/v2\/pages\/196\/revisions"}],"predecessor-version":[{"id":3491,"href":"https:\/\/www.soniadabin.fr\/index.php?rest_route=\/wp\/v2\/pages\/196\/revisions\/3491"}],"wp:attachment":[{"href":"https:\/\/www.soniadabin.fr\/index.php?rest_route=%2Fwp%2Fv2%2Fmedia&parent=196"}],"curies":[{"name":"wp","href":"https:\/\/api.w.org\/{rel}","templated":true}]}}